t of 173827?
7
What is the tens digit of 93409?
0
What is the thousands digit of 328431?
8
What is the hundred thousands digit of 2726040?
7
What is the hundred thousands digit of 3097834?
0
What is the ten thousands digit of 301264?
0
What is the ten millions digit of 12512670?
1
What is the units digit of 357206?
6
What is the ten thousands digit of 2946110?
4
What is the tens digit of 2686778?
7
What is the ten thousands digit of 482956?
8
What is the thousands digit of 414889?
4
What is the hundred thousands digit of 24612139?
6
What is the units digit of 2860633?
3
What is the thousands digit of 7862790?
2
What is the hundreds digit of 104812?
8
What is the hundreds digit of 29693270?
2
What is the hundreds digit of 214196?
1
What is the hundreds digit of 391111?
1
What is the hundred thousands digit of 861178?
8
What is the tens digit of 627339?
3
What is the units digit of 2158850?
0
What is the units digit of 7470589?
9
What is the tens digit of 157455?
5
What is the units digit of 6986455?
5
What is the tens digit of 569756?
5
What is the hundred thousands digit of 3918482?
9
What is the millions digit of 25027135?
5
What is the hundred thousands digit of 4651467?
6
What is the tens digit of 1880637?
3
What is the ten thousands digit of 314821?
1
What is the hundred thousands digit of 9632305?
6
What is the millions digit of 1714660?
1
What is the thousands digit of 236864?
6
What is the hundreds digit of 440168?
1
What is the tens digit of 3323307?
0
What is the hundreds digit of 2703528?
5
What is the ten thousands digit of 943516?
4
What is the tens digit of 1008968?
6
What is the thousands digit of 637955?
7
What is the millions digit of 4099077?
4
What is the hundreds digit of 1213217?
2
What is the ten thousands digit of 14479892?
7
What is the hundreds digit of 2168155?
1
What is the tens digit of 620087?
8
What is the millions digit of 10344979?
0
What is the ten thousands digit of 37781?
3
What is the hundreds digit of 703499?
4
What is the tens digit of 4328615?
1
What is the thousands digit of 16254413?
4
What is the thousands digit of 1316179?
6
What is the millions digit of 2282814?
2
What is the ten thousands digit of 14337822?
3
What is the millions digit of 1608016?
1
What is the hundred thousands digit of 106609?
1
What is the hundreds digit of 30853682?
6
What is the millions digit of 3527313?
3
What is the units digit of 3747677?
7
What is the thousands digit of 5863600?
3
What is the units digit of 452173?
3
What is the hundred thousands digit of 308687?
3
What is the thousands digit of 112919?
2
What is the tens digit of 1771640?
4
What is the units digit of 85211?
1
What is the tens digit of 3359154?
5
What is the hundreds digit of 593786?
7
What is the ten thousands digit of 587863?
8
What is the tens digit of 34770365?
6
What is the ten thousands digit of 146798?
4
What is the tens digit of 17748?
4
What is the hundreds digit of 85878?
8
What is the millions digit of 3472526?
3
What is the hundreds digit of 5075089?
0
What is the units digit of 67604?
4
What is the ten millions digit of 10167452?
1
What is the hundreds digit of 375419?
4
What is the millions digit of 5032998?
5
What is the tens digit of 5970168?
6
What is the millions digit of 1407864?
1
What is the hundred thousands digit of 1453799?
4
What is the tens digit of 67830?
3
What is the millions digit of 16706445?
6
What is the thousands digit of 1655429?
5
What is the ten thousands digit of 21723986?
2
What is the thousands digit of 30281964?
1
What is the thousands digit of 3574825?
4
What is the ten thousands digit of 119936?
1
What is the hundreds digit of 552454?
4
What is the hundred thousands digit of 6725148?
7
What is the hundreds digit of 22512839?
8
What is the units digit of 2611586?
6
What is the tens digit of 1156131?
3
What is the units digit of 679679?
9
What is the tens digit of 506181?
8
What is the hundred thousands digit of 1219410?
2
What is the ten thousands digit of 21503224?
0
What is the units digit of 9584281?
1
What is the tens digit of 480522?
2
What is the units digit of 7133283?
3
What is the hundred thousands digit of 136750?
1
What is the tens digit of 443568?
6
What is the hundreds digit of 349109?
1
What is the hundred thousands digit of 1919288?
9
What is the thousands digit of 6856710?
6
What is the ten thousands digit of 2055739?
5
What is the tens digit of 22061779?
7
What is the hundreds digit of 1968520?
5
What is the units digit of 125529?
9
What is the tens digit of 296843?
4
What is the hundreds digit of 5440910?
9
What is the hundreds digit of 143925?
9
What is the units digit of 425638?
8
What is the units digit of 826955?
5
What is the units digit of 456188?
8
What is the units digit of 1299650?
0
What is the ten thousands digit of 122652?
2
What is the hundreds digit of 1084387?
3
What is the millions digit of 16008054?
6
What is the units digit of 308062?
2
What is the tens digit of 76843?
4
What is the units digit of 1721879?
9
What is the tens digit of 253393?
9
What is the tens digit of 1410121?
2
What is the millions digit of 11665984?
1
What is the units digit of 470881?
1
What is the hundred thousands digit of 399906?
3
What is the millions digit of 4177680?
4
What is the hundreds digit of 96275?
2
What is the hundreds digit of 9162694?
6
What is the thousands digit of 1417701?
7
What is the units digit of 95421?
1
What is the ten thousands digit of 1140913?
4
What is the hundred thousands digit of 121063?
1
What is the hundreds digit of 2588200?
2
What is the thousands digit of 258961?
8
What is the ten thousands digit of 2218698?
1
What is the tens digit of 20521369?
6
What is the ten thousands digit of 335972?
3
What is the millions digit of 4035604?
4
What is the units digit of 3910690?
0
What is the hundred thousands digit of 9189825?
1
What is the hundred thousands digit of 24505739?
5
What is the ten millions digit of 14348362?
1
What is the tens digit of 36379828?
2
What is the thousands digit of 16811?
6
What is the ten thousands digit of 5196874?
9
What is the units digit of 1113437?
7
What is the ten thousands digit of 50619?
5
What is the units digit of 16634317?
7
What is the units digit of 289985?
5
What is the hundreds digit of 2772641?
6
What is the ten thousands digit of 1090989?
9
What is the tens digit of 7483111?
1
What is the ten thousands digit of 80676?
8
What is the thousands digit of 165114?
5
What is the hundreds digit of 53383?
3
What is the units digit of 205978?
8
What is the hundreds digit of 8842362?
3
What is the hundreds digit of 196510?
5
What is the thousands digit of 23415679?
5
What is the thousands digit of 79573?
9
What is the tens digit of 396326?
2
What is the millions digit of 4531003?
4
What is the hundred thousands digit of 3353908?
3
What is the hundred thousands digit of 5769315?
7
What is the thousands digit of 33559863?
9
What is the tens digit of 1080499?
9
What is the hundreds digit of 223868?
8
What is the thousands digit of 291325?
1
What is the millions digit of 15450341?
5
What is the tens digit of 4257828?
2
What is the hundreds digit of 2190087?
0
What is the thousands digit of 580287?
0
What is the hundred thousands digit of 11716053?
7
What is the ten thousands digit of 21802025?
0
What is the hundred thousands digit of 684433?
6
What is the ten thousands digit of 223527?
2
What is the thousands digit of 7974724?
4
What is the thousands digit of 272897?
2
What is the thousands digit of 8378706?
8
What is the thousands digit of 2757958?
7
What is the millions digit of 1381810?
1
What is the ten thousands digit of 64219?
6
What is the thousands digit of 652335?
2
What is the hundred thousands digit of 569163?
5
What is the units digit of 335094?
4
What is the tens digit of 681170?
7
What is the ten thousands digit of 59499?
5
What is the hundred thousands digit of 303404?
3
What is the units digit of 10721919?
9
What is the tens digit of 397858?
5
What is the tens digit of 195586?
8
What is the thousands digit of 2161829?
1
What is the tens digit of 20901?
0
What is the tens digit of 7312328?
2
What is the tens digit of 12046993?
9
What is the millions digit of 7047270?
7
What is the hundreds digit of 880225?
2
What is the hundred thou